001
What is 666975 (base 10) in base 7?
5445351
What is -1533805 (base 13) in base 3?
-110202022011111
What is 2004202 (base 5) in base 3?
1121121212
What is -51423d (base 16) in base 11?
-3008039
Convert -220003003 (base 4) to base 12.
-7ab17
86456 (base 10) to base 11
59a57
Convert -5150513 (base 8) to base 11.
-852022
-1177164 (base 8) to base 16
-4fe74
What is 87163 (base 14) in base 2?
1001111110010100011
-144232250 (base 6) to base 2
-1011011101111000000110
-42bcd (base 14) to base 13
-58673
What is 4324330131 (base 5) in base 15?
c202e6
What is -10154243 (base 6) in base 15?
-5c6c0
What is -54a03 (base 13) in base 2?
-100101011011000110
What is 1a5389 (base 11) in base 7?
2450063
Convert 10230004 (base 6) to base 8.
1110564
-89a1b (base 15) to base 9
-736308
110000000011000111 (base 2) to base 13
6b770
What is 547466 (base 10) in base 12?
2249a2
What is 975555 (base 15) in base 10?
7206830
-4252605 (base 7) to base 10
-517200
24133342 (base 5) to base 14
5b9dc
-16959f (base 16) to base 11
-921021
What is -6a4215 (base 11) in base 12?
-45b1b6
What is -11620203 (base 7) in base 10?
-1046937
What is -4303263 (base 9) in base 12?
-932119
What is -254511 (base 6) in base 3?
-1011122221
44952d (base 16) to base 13
c14a64
-5471828 (base 10) to base 11
-30a807a
What is 33434612 (base 8) in base 12?
2504462
What is 353505 (base 9) in base 6?
4320005
What is 14113132 (base 5) in base 11?
9986a
Convert 6252515 (base 7) to base 14.
15830c
What is 3783641 (base 10) in base 9?
7106155
What is 246117 (base 14) in base 13?
348198
20112101121 (base 4) to base 13
5b80c9
Convert -101220020012 (base 3) to base 15.
-43848
2323441 (base 9) to base 11
788475
Convert 210002231 (base 5) to base 12.
35560b
1c9d38 (base 15) to base 9
2563668
Convert 60164 (base 12) to base 9.
208864
What is -2bc58 (base 15) in base 5?
-14004113
-13ac6c3 (base 14) to base 13
-1c9a078
-113310210210 (base 4) to base 12
-2111970
What is -11111101100100111111101 (base 2) in base 15?
-ae1eea
What is 28d846 (base 16) in base 13?
729512
-1020102111121 (base 3) to base 16
-a0a05
Convert 5f7d5 (base 16) to base 4.
1133133111
Convert -22039 (base 15) to base 7.
-630012
What is -331912 (base 10) in base 13?
-b80c9
Convert 19da0e (base 15) to base 13.
352049
Convert -110435215 (base 6) to base 10.
-1995707
Convert 3156 (base 7) to base 5.
13434
What is 10222000100120 (base 3) in base 8?
10021743
What is 6260839 (base 10) in base 5?
3100321324
What is -1220323222 (base 4) in base 2?
-1101000111011101010
Convert 3553311 (base 6) to base 3.
100110021021
15298a (base 11) to base 5
30104410
What is -265063 (base 13) in base 14?
-1a116a
Convert -c939b (base 13) to base 6.
-11441112
What is -1a919e (base 16) in base 10?
-1741214
What is 1232154 (base 8) in base 14?
8c444
What is -a1315 (base 11) in base 3?
-21112011221
Convert 5625885 (base 9) to base 11.
17897a9
-2111142402 (base 5) to base 7
-52241040
Convert 13111321 (base 4) to base 5.
1430243
Convert -6a398 (base 13) to base 6.
-4054000
Convert 25785 (base 12) to base 3.
2121021002
What is -2201322331 (base 5) in base 6?
-245012255
11001000011010000 (base 2) to base 13
3791c
Convert -1100010111110001110011 (base 2) to base 12.
-1104983
What is -350a06 (base 14) in base 15?
-25a863
-33514234 (base 6) to base 5
-230132120
902003 (base 10) to base 6
31155535
What is -2250056 (base 8) in base 3?
-1011000020120
-96b82 (base 13) to base 8
-1023504
Convert 78da1 (base 16) to base 4.
1320312201
Convert -3715561 (base 9) to base 14.
-3a7788
-50012010 (base 6) to base 14
-286a10
What is 81986 (base 15) in base 3?
202212010200
What is 303391a (base 12) in base 3?
121222121020211
2112000102202 (base 3) to base 6
44405545
Convert 2101134243 (base 5) to base 3.
22010101021122
What is -11001110010100111011000 (base 2) in base 13?
-152945a
Convert 2731 (base 16) to base 5.
310113
-1635c (base 13) to base 2
-1010010101010111
What is 151799 (base 12) in base 14?
93713
Convert 102101200122212 (base 3) to base 2.
10111000110100101011101
What is 16ef6d (base 16) in base 14?
2b1ab3
162991 (base 12) to base 6
12034301
-1211011121100 (base 3) to base 10
-967824
10127 (base 16) to base 2
10000000100100111
What is -2a023b (base 12) in base 16?
-ac34f
What is 277716 (base 9) in base 2?
101001011011101110
What is -1111552 (base 7) in base 9?
-228527
Convert -1769502 (base 10) to base 15.
-24e46c
Convert -6ecc1d (base 16) to base 6.
-415344421
What is -32023221 (base 5) in base 15?
-5430b
Convert 52361550 (base 7) to base 10.
4418463
Convert 16398 (base 16) to base 3.
11121212120
259ff (base 16) to base 3
21211101211
-2030031 (base 6) to base 10
-97219
1020002000112 (base 3) to base 9
1202015
-2b6a42 (base 12) to base 4
-2310011102
Convert -1323101032 (base 4) to base 12.
-20423a
-100001101010100110101 (base 2) to base 3
-2002001020200
What is 35c813 (base 14) in base 13?
4c56c6
-100111010010011010 (base 2) to base 14
-42906
Convert 1430265 (base 7) to base 14.
500a5
What is 15801 (base 15) in base 9?
115051
Convert 4340063 (base 7) to base 11.
332774
Convert 22012100123 (base 4) to base 12.
a77a4b
10000012 (base 5) to base 6
1401420
Convert 446266 (base 7) to base 11.
54421
What is 2060a (base 11) in base 7?
153342
-3597760 (base 10) to base 4
-31232113000
What is 3033455 (base 7) in base 4?
1120033013
-27036160 (base 9) to base 13
-29b048b
What is -1571924 (base 12) in base 14?
-81d872
What is -79c9 (base 16) in base 15?
-9387
Convert 106202645 (base 7) to base 5.
3131132242
What is -11111111110100000100 (base 2) in base 5?
-232012222
13602263 (base 10) to base 12
467b81b
What is -10030033302 (base 4) in base 7?
-12224214
-4433200 (base 6) to base 9
-367880
What is -5225215 (base 6) in base 14?
-6809d
Convert -332cb (base 13) to base 10.
-92779
Convert -1544364 (base 10) to base 13.
-420c33
What is -3158530 (base 10) in base 5?
-1302033110
Convert 2221005 (base 8) to base 11.
379761
What is -3122022100 (base 4) in base 9?
-1611681
What is 39029 (base 10) in base 5?
2222104
What is 106a2 (base 12) in base 8?
52332
What is -92218 (base 11) in base 4?
-200320210
11162483 (base 9) to base 15
71e53c
-5228658 (base 9) to base 14
-52a724
-1110322014 (base 5) to base 13
-672404
What is -145321511 (base 6) in base 2?
-1011101010110100010011
-705323 (base 8) to base 7
-1654546
Convert 44534a (base 13) to base 7.
16456464
110000101111100111101 (base 2) to base 10
1597245
Convert 10553455 (base 6) to base 3.
121120100122
Convert 21443014 (base 5) to base 13.
67307
Convert 1543745 (base 8) to base 7.
3530411
Convert 73715f (base 16) to base 8.
34670537
What is -47354 (base 14) in base 13?
-60caa
Convert 2463245 (base 7) to base 4.
1031222030
Convert -34842a (base 11) to base 7.
-4461620
Convert 62cdab (base 14) to base 5.
1323330103
What is -532354001 (base 6) in base 3?
-122121122002001
30200201100 (base 4) to base 5
1314411203
-10021121112 (base 3) to base 13
-23531
Convert 45c746 (base 13) to base 16.
19431e
Convert 10723 (base 10) to base 7.
43156
What is 61525225 (base 8) in base 9?
26443721
Convert 801aa6 (base 12) to base 4.
13212303132
What is 11102201211 (base 3) in base 11?
5a641
What is -2305550 (base 6) in base 3?
-12222202210
What is 2011200121210 (base 3) in base 15?
17c429
What is -2557425 (base 8) in base 16?
-adf15
Convert -110111010111101101100010 (base 2) to base 11.
-8214403
Convert -25444123 (base 7) to base 15.
-30a7a1
What is -546776 (base 12) in base 4?
-11012303022
-20a43 (base 11) to base 4
-13131023
Convert -142416423 (base 7) to base 4.
-203232222123
What is 26378483 (base 9) in base 7?
215234622
Convert 27ba016 (base 12) to base 10.
7959186
What is -32200123310 (base 4) in base 5?
-1433142433
What is 2520010 (base 6) in base 12?
66006
4372918 (base 10) to base 13
ba1534
Convert 556431 (base 7) to base 3.
11222212100
Convert 17731b0 (base 12) to base 3.
100011211221020
Convert 531305 (base 7) to base 6.
1544405
Convert 1313107 (base 11) to base 7.
25216132
Convert -221011210110100 (base 3) to base 2.
-110011000010101100101111
Convert 200120311023 (base 4) to base 5.
4133142230
Convert -2264445 (base 8) to base 11.
-391404
What is -1122030023 (base 4) in base 5?
-43310134
Convert -5413228 (base 10) to base 12.
-19907a4
Convert 9c515 (base 13) to base 1